, 5
What are the prime factors of 16325780?
2, 5, 17, 48017
What are the prime factors of 272594?
2, 7, 19471
What are the prime factors of 2954900?
2, 5, 13, 2273
What are the prime factors of 9285626?
2, 7, 29, 22871
List the prime factors of 9738389.
9738389
What are the prime factors of 228147?
3, 113, 673
List the prime factors of 1300209.
3, 347, 1249
List the prime factors of 1150898.
2, 7, 82207
What are the prime factors of 510486?
2, 3, 85081
List the prime factors of 5608090.
2, 5, 23, 37, 659
List the prime factors of 264866.
2, 7, 18919
List the prime factors of 833464.
2, 104183
List the prime factors of 13873752.
2, 3, 233, 827
List the prime factors of 1280065.
5, 23, 11131
List the prime factors of 2658547.
23, 115589
List the prime factors of 8822116.
2, 17, 129737
List the prime factors of 2929114.
2, 59, 103, 241
What are the prime factors of 15553815?
3, 5, 1036921
What are the prime factors of 17664226?
2, 83, 106411
List the prime factors of 3150136.
2, 11, 35797
What are the prime factors of 4717546?
2, 29, 163, 499
List the prime factors of 19885160.
2, 5, 563, 883
List the prime factors of 745787.
7, 106541
What are the prime factors of 9401286?
2, 3, 1566881
List the prime factors of 1532463.
3, 197, 2593
List the prime factors of 282439.
282439
List the prime factors of 7081033.
23, 307871
List the prime factors of 1473901.
11, 13, 937
List the prime factors of 840092.
2, 11, 61, 313
What are the prime factors of 21237931?
11, 13, 148517
List the prime factors of 191931.
3, 63977
List the prime factors of 11584446.
2, 3, 17, 137, 829
What are the prime factors of 228610?
2, 5, 22861
List the prime factors of 1931969.
13, 353, 421
What are the prime factors of 305814?
2, 3, 50969
What are the prime factors of 24019?
24019
What are the prime factors of 2170368?
2, 3, 157
What are the prime factors of 8180138?
2, 4090069
What are the prime factors of 3038494?
2, 719, 2113
List the prime factors of 884889.
3, 98321
What are the prime factors of 17533?
89, 197
What are the prime factors of 13376?
2, 11, 19
What are the prime factors of 770997?
3, 233, 1103
What are the prime factors of 19705720?
2, 5, 17, 28979
What are the prime factors of 601523?
13, 46271
What are the prime factors of 3857196?
2, 3, 7, 47, 977
What are the prime factors of 72892?
2, 18223
What are the prime factors of 163072?
2, 7, 13
What are the prime factors of 735101?
367, 2003
List the prime factors of 186988.
2, 46747
What are the prime factors of 163181?
163181
What are the prime factors of 324660?
2, 3, 5, 7, 773
What are the prime factors of 4774425?
3, 5, 63659
What are the prime factors of 121101?
3, 37, 1091
What are the prime factors of 1652463?
3, 89, 2063
What are the prime factors of 4015?
5, 11, 73
List the prime factors of 22536651.
3, 7512217
List the prime factors of 102792.
2, 3, 4283
What are the prime factors of 2259829?
11, 13, 15803
List the prime factors of 64935.
3, 5, 13, 37
List the prime factors of 88034.
2, 44017
List the prime factors of 1171193.
47, 24919
What are the prime factors of 62123?
23, 37, 73
List the prime factors of 347501.
7, 11, 4513
What are the prime factors of 21483235?
5, 4296647
List the prime factors of 12480971.
739, 16889
What are the prime factors of 24730?
2, 5, 2473
List the prime factors of 8291156.
2, 2072789
What are the prime factors of 3518?
2, 1759
List the prime factors of 69071.
17, 239
What are the prime factors of 2412708?
2, 3, 17, 11827
What are the prime factors of 9567952?
2, 597997
What are the prime factors of 11779336?
2, 29, 50773
What are the prime factors of 80216?
2, 37, 271
List the prime factors of 3036128.
2, 79, 1201
What are the prime factors of 21049151?
1583, 13297
What are the prime factors of 10316584?
2, 41, 71, 443
List the prime factors of 6755346.
2, 3, 13, 9623
List the prime factors of 3800218.
2, 29, 65521
List the prime factors of 10715594.
2, 1823, 2939
What are the prime factors of 772166?
2, 386083
List the prime factors of 520472.
2, 17, 43, 89
List the prime factors of 3001859.
7, 97, 4421
What are the prime factors of 546857?
467, 1171
List the prime factors of 4115282.
2, 919, 2239
What are the prime factors of 426563?
426563
List the prime factors of 4645506.
2, 3, 103, 7517
List the prime factors of 20348279.
7, 415271
List the prime factors of 9866806.
2, 59, 83617
What are the prime factors of 1427523?
3, 475841
List the prime factors of 628573.
11, 57143
What are the prime factors of 974839?
37, 26347
List the prime factors of 315477.
3, 35053
What are the prime factors of 12477961?
12477961
What are the prime factors of 303371?
303371
List the prime factors of 254433.
3, 84811
List the prime factors of 586867.
127, 4621
What are the prime factors of 190666?
2, 7, 13619
List the prime factors of 757751.
757751
List the prime factors of 9663227.
7, 31, 44531
List the prime factors of 18495782.
2, 37, 249943
What are the prime factors of 1357210?
2, 5, 135721
List the prime factors of 2998840.
2, 5, 13, 73, 79
What are the prime factors of 3096072?
2, 3, 7, 6143
List the prime factors of 1464049.
1464049
What are the prime factors of 488653?
11, 31, 1433
What are the prime factors of 220587?
3, 73529
List the prime factors of 172509.
3, 57503
What are the prime factors of 6670172?
2, 1667543
What are the prime factors of 2136125?
5, 23, 743
List the prime factors of 142293.
3, 47431
What are the prime factors of 7673172?
2, 3, 13, 101, 487
What are the prime factors of 396342?
2, 3, 97, 227
What are the prime factors of 2741108?
2, 37, 18521
List the prime factors of 985027.
985027
What are the prime factors of 936042?
2, 3, 156007
List the prime factors of 1646182.
2, 659, 1249
What are the prime factors of 1933577?
1933577
What are the prime factors of 164701?
164701
List the prime factors of 207438.
2, 3, 7, 11, 449
List the prime factors of 22772249.
677, 33637
List the prime factors of 28281650.
2, 5, 59, 9587
List the prime factors of 2191377.
3, 730459
What are the prime factors of 59288?
2, 7411
List the prime factors of 283318.
2, 7, 59
List the prime factors of 39258219.
3, 7, 11, 13, 17, 769
List the prime factors of 5629397.
17, 331141
What are the prime factors of 2242998?
2, 3, 73, 569
List the prime factors of 769442.
2, 23, 43, 389
List the prime factors of 2097503.
2097503
What are the prime factors of 157203?
3, 17467
What are the prime factors of 3527510?
2, 5, 7, 23, 313
What are the prime factors of 5042611?
7, 720373
List the prime factors of 1492070.
2, 5, 19, 7853
What are the prime factors of 1318275?
3, 5, 7, 31
What are the prime factors of 384512?
2, 751
What are the prime factors of 979552?
2, 7, 4373
List the prime factors of 126605.
5, 25321
List the prime factors of 4382510.
2, 5, 11, 39841
What are the prime factors of 1604835?
3, 5, 19, 1877
List the prime factors of 109847.
109847
What are the prime factors of 303034?
2, 151517
What are the prime factors of 23106705?
3, 5, 1540447
What are the prime factors of 2442337?
127, 19231
What are the prime factors of 648635?
5, 13, 17, 587
List the prime factors of 774598.
2, 11, 137, 257
List the prime factors of 825518.
2, 83, 4973
What are the prime factors of 3887763?
3, 11, 117811
List the prime factors of 183874.
2, 89, 1033
What are the prime factors of 304524?
2, 3, 11, 769
What are the prime factors of 4786166?
2, 7, 11, 31079
What are the prime factors of 1796513?
71, 25303
List the prime factors of 2450334.
2, 3, 408389
List the prime factors of 103442.
2, 51721
What are the prime factors of 163929?
3, 53, 1031
What are the prime factors of 437985?
3, 5, 9733
List the prime factors of 30860.
2, 5, 1543
List the prime factors of 1345062.
2, 3, 224177
What are the prime factors of 15293243?
7, 312107
What are the prime factors of 9694956?
2, 3, 97, 8329
What are the prime factors of 1245758?
2, 622879
What are the prime factors of 566665?
5, 11, 10303
List the prime factors of 450636.
2, 3, 17, 47
List the prime factors of 12375846.
2, 3, 7, 98221
List the prime factors of 2569459.
2569459
List the prime factors of 336164.
2, 31, 2711
List the prime factors of 1324920.
2, 3, 5, 61, 181
List the prime factors of 27168.
2, 3, 283
What are the prime factors of